{"id":368,"date":"2025-12-14T17:58:29","date_gmt":"2025-12-14T17:58:29","guid":{"rendered":"https:\/\/burgerbalie.net\/index.php\/verward-gedrag\/"},"modified":"2026-03-11T11:27:51","modified_gmt":"2026-03-11T11:27:51","slug":"verward-gedrag","status":"publish","type":"page","link":"https:\/\/burgerbalie.net\/index.php\/verward-gedrag\/","title":{"rendered":"Verward gedrag"},"content":{"rendered":"\n<p><\/p>\n\n\n\n<figure class=\"wp-block-image aligncenter size-full\"><img loading=\"lazy\" decoding=\"async\" width=\"2048\" height=\"926\" src=\"https:\/\/burgerbalie.net\/wp-content\/uploads\/2026\/01\/unnamed-1-scaled.jpg\" alt=\"\" class=\"wp-image-784\" srcset=\"https:\/\/burgerbalie.net\/wp-content\/uploads\/2026\/01\/unnamed-1-scaled.jpg 2048w, https:\/\/burgerbalie.net\/wp-content\/uploads\/2026\/01\/unnamed-1-300x136.jpg 300w, https:\/\/burgerbalie.net\/wp-content\/uploads\/2026\/01\/unnamed-1-1024x463.jpg 1024w, https:\/\/burgerbalie.net\/wp-content\/uploads\/2026\/01\/unnamed-1-768x347.jpg 768w, https:\/\/burgerbalie.net\/wp-content\/uploads\/2026\/01\/unnamed-1-1536x695.jpg 1536w\" sizes=\"auto, (max-width: 2048px) 100vw, 2048px\" \/><\/figure>\n\n\n<nav class=\"is-responsive items-justified-center wp-block-navigation is-content-justification-center is-layout-flex wp-container-core-navigation-is-layout-a89b3969 wp-block-navigation-is-layout-flex\" aria-label=\"Navigation - Superb Addons - Theme Designer\" \n\t\t data-wp-interactive=\"core\/navigation\" data-wp-context='{\"overlayOpenedBy\":{\"click\":false,\"hover\":false,\"focus\":false},\"type\":\"overlay\",\"roleAttribute\":\"\",\"ariaLabel\":\"Menu\"}'><button aria-haspopup=\"dialog\" aria-label=\"Menu openen\" class=\"wp-block-navigation__responsive-container-open\" \n\t\t\t\tdata-wp-on--click=\"actions.openMenuOnClick\"\n\t\t\t\tdata-wp-on--keydown=\"actions.handleMenuKeydown\"\n\t\t\t><svg width=\"24\" height=\"24\" xmlns=\"http:\/\/www.w3.org\/2000\/svg\" viewBox=\"0 0 24 24\" aria-hidden=\"true\" focusable=\"false\"><path d=\"M4 7.5h16v1.5H4z\"><\/path><path d=\"M4 15h16v1.5H4z\"><\/path><\/svg><\/button>\n\t\t\t\t<div class=\"wp-block-navigation__responsive-container\"  id=\"modal-1\" \n\t\t\t\tdata-wp-class--has-modal-open=\"state.isMenuOpen\"\n\t\t\t\tdata-wp-class--is-menu-open=\"state.isMenuOpen\"\n\t\t\t\tdata-wp-watch=\"callbacks.initMenu\"\n\t\t\t\tdata-wp-on--keydown=\"actions.handleMenuKeydown\"\n\t\t\t\tdata-wp-on--focusout=\"actions.handleMenuFocusout\"\n\t\t\t\ttabindex=\"-1\"\n\t\t\t>\n\t\t\t\t\t<div class=\"wp-block-navigation__responsive-close\" tabindex=\"-1\">\n\t\t\t\t\t\t<div class=\"wp-block-navigation__responsive-dialog\" \n\t\t\t\tdata-wp-bind--aria-modal=\"state.ariaModal\"\n\t\t\t\tdata-wp-bind--aria-label=\"state.ariaLabel\"\n\t\t\t\tdata-wp-bind--role=\"state.roleAttribute\"\n\t\t\t>\n\t\t\t\t\t\t\t<button aria-label=\"Menu sluiten\" class=\"wp-block-navigation__responsive-container-close\" \n\t\t\t\tdata-wp-on--click=\"actions.closeMenuOnClick\"\n\t\t\t><svg xmlns=\"http:\/\/www.w3.org\/2000\/svg\" viewBox=\"0 0 24 24\" width=\"24\" height=\"24\" aria-hidden=\"true\" focusable=\"false\"><path d=\"m13.06 12 6.47-6.47-1.06-1.06L12 10.94 5.53 4.47 4.47 5.53 10.94 12l-6.47 6.47 1.06 1.06L12 13.06l6.47 6.47 1.06-1.06L13.06 12Z\"><\/path><\/svg><\/button>\n\t\t\t\t\t\t\t<div class=\"wp-block-navigation__responsive-container-content\" \n\t\t\t\tdata-wp-watch=\"callbacks.focusFirstElement\"\n\t\t\t id=\"modal-1-content\">\n\t\t\t\t\t\t\t\t<ul class=\"wp-block-navigation__container is-responsive items-justified-center wp-block-navigation\"><li class=\" wp-block-navigation-item wp-block-navigation-link\"><a class=\"wp-block-navigation-item__content\"  href=\"https:\/\/burgerbalie.net\/index.php\/wat-we-doen\/\"><span class=\"wp-block-navigation-item__label\">Wat we doen<\/span><\/a><\/li><li class=\" wp-block-navigation-item wp-block-navigation-link\"><a class=\"wp-block-navigation-item__content\"  href=\"https:\/\/burgerbalie.net\/index.php\/woon-signalen\/\"><span class=\"wp-block-navigation-item__label\">Wonen<\/span><\/a><\/li><li class=\" wp-block-navigation-item wp-block-navigation-link\"><a class=\"wp-block-navigation-item__content\"  href=\"https:\/\/burgerbalie.net\/index.php\/weerbaarheid\/\"><span class=\"wp-block-navigation-item__label\">Weerbaarheid<\/span><\/a><\/li><li class=\" wp-block-navigation-item wp-block-navigation-link has-superbfont-xsmall-font-size\"><a class=\"wp-block-navigation-item__content\"  href=\"https:\/\/burgerbalie.net\/index.php\/verward-gedrag\/\"><span class=\"wp-block-navigation-item__label\">Verward gedrag<\/span><\/a><\/li><li class=\" wp-block-navigation-item wp-block-navigation-link\"><a class=\"wp-block-navigation-item__content\"  href=\"https:\/\/burgerbalie.net\/index.php\/taaie-vraagstukken\/\"><span class=\"wp-block-navigation-item__label\">Taaie vraagstukken<\/span><\/a><\/li><li class=\" wp-block-navigation-item .speciaal { color: #666666 !important; } wp-block-navigation-link\"><a class=\"wp-block-navigation-item__content\"  href=\"https:\/\/burgerbalie.net\/index.php\/over-ons\/\"><span class=\"wp-block-navigation-item__label\">Over ons<\/span><\/a><\/li><li class=\" wp-block-navigation-item wp-block-navigation-link\"><a class=\"wp-block-navigation-item__content\"  href=\"https:\/\/burgerbalie.net\/index.php\/contact\/\"><span class=\"wp-block-navigation-item__label\">Contact<\/span><\/a><\/li><li class=\" wp-block-navigation-item wp-block-navigation-link\"><a class=\"wp-block-navigation-item__content\"  href=\"https:\/\/burgerbalie.net\/\"><span class=\"wp-block-navigation-item__label\">Home<\/span><\/a><\/li><\/ul>\n\t\t\t\t\t\t\t<\/div>\n\t\t\t\t\t\t<\/div>\n\t\t\t\t\t<\/div>\n\t\t\t\t<\/div><\/nav>\n\n\n<h4 class=\"wp-block-heading alignwide has-text-align-center\">Bewoners die hun buren goed kennen voelen zich veiliger en gelukkiger. Dat is logisch als je bedenkt hoeveel tijd buren in elkaars nabijheid doorbrengen. Die nabijheid is soms heel intiem: geuren en geluiden kunnen dwars door muren gaan, van zingen tot ruzies of zorgelijke stiltes. <br> <br>In het algemeen helpen buren elkaar ook graag. Volgens onderzoek van <a href=\"https:\/\/vng.nl\/sites\/default\/files\/2023-10\/verbondenheid_door_burenhulp.pdf\">VNG<\/a> helpen buren elkaar graag met de boodschappen, met klusjes doen en naar elkaar omkijken. Dat wordt anders wanneer er persoonlijke problemen spelen. Dan is meer professionele ondersteuning nodig. Maar de onderlinge contacten tussen buren kunnen daardoor juist afnemen, vooral in situaties van &#8216;verward gedrag&#8217;. Terwijl in zulke situaties juist m\u00e9\u00e9r communicatie nodig is, tussen buren onderling \u00e9n tussen buren en professionals. <br><\/h4>\n\n\n\n<figure class=\"wp-block-image aligncenter size-large is-resized\"><img loading=\"lazy\" decoding=\"async\" width=\"1024\" height=\"727\" src=\"https:\/\/burgerbalie.net\/wp-content\/uploads\/2026\/01\/BB_Verward_samenwerking-1024x727.jpg\" alt=\"\" class=\"wp-image-829\" style=\"aspect-ratio:1.4085369785285964;width:501px;height:auto\" srcset=\"https:\/\/burgerbalie.net\/wp-content\/uploads\/2026\/01\/BB_Verward_samenwerking-1024x727.jpg 1024w, https:\/\/burgerbalie.net\/wp-content\/uploads\/2026\/01\/BB_Verward_samenwerking-300x213.jpg 300w, https:\/\/burgerbalie.net\/wp-content\/uploads\/2026\/01\/BB_Verward_samenwerking-768x545.jpg 768w, https:\/\/burgerbalie.net\/wp-content\/uploads\/2026\/01\/BB_Verward_samenwerking-1536x1090.jpg 1536w, https:\/\/burgerbalie.net\/wp-content\/uploads\/2026\/01\/BB_Verward_samenwerking.jpg 1806w\" sizes=\"auto, (max-width: 1024px) 100vw, 1024px\" \/><figcaption class=\"wp-element-caption\">                 Hoe &#8216;verwarder&#8217; de situatie, hoe minder communicatie<\/figcaption><\/figure>\n\n\n\n<h4 class=\"wp-block-heading has-text-align-center\"><br>Bij &#8216;verward gedrag&#8217; is samenwerking tussen bewoners en professionals van groot belang. Maar in de praktijk is dat zo makkelijk nog niet.<\/h4>\n\n\n\n<h4 class=\"wp-block-heading has-text-align-center\"><br><strong>De BurgerBalie versterkt samenwerkend vermogen tussen burgers en professionals<\/strong>.<br><br>We ondersteunen burgers en professionals in complexe situaties in de praktijk. Daarnaast hebben we onze praktijkervaringen vertaald in trainingen voor professionals en workshops voor gemengde groepen van professionals en burgers.<br><br>Meer weten?<\/h4>\n\n\n\n<p><\/p>\n\n\n\n<div class=\"wp-block-group alignfull has-mono-4-background-color has-background has-global-padding is-layout-constrained wp-container-core-group-is-layout-94984da9 wp-block-group-is-layout-constrained\" style=\"margin-top:0;margin-bottom:0;padding-top:var(--wp--preset--spacing--superbspacing-small);padding-right:var(--wp--preset--spacing--superbspacing-xlarge);padding-bottom:var(--wp--preset--spacing--superbspacing-small);padding-left:var(--wp--preset--spacing--superbspacing-xlarge)\">\n<div class=\"wp-block-columns alignwide is-layout-flex wp-container-core-columns-is-layout-25593187 wp-block-columns-is-layout-flex\">\n<div class=\"wp-block-column is-vertically-aligned-center is-layout-flow wp-container-core-column-is-layout-a1628350 wp-block-column-is-layout-flow\" style=\"padding-top:0;padding-right:0;padding-bottom:0;padding-left:0\">\n<div class=\"wp-block-group is-layout-flow wp-container-core-group-is-layout-ff697075 wp-block-group-is-layout-flow\">\n<h2 class=\"wp-block-heading has-text-align-center has-secondary-color has-text-color has-superbfont-small-font-size\">Zo kan je ons bereiken:<\/h2>\n\n\n\n<p class=\"has-text-align-center\"><br><strong>BurgerBalie<\/strong><\/p>\n\n\n\n<h2 class=\"wp-block-heading has-text-align-center has-secondary-color has-text-color has-superbfont-small-font-size\">Nicole Estej\u00e9 \u2022 nicole@burgerbalie.net<\/h2>\n\n\n\n<h2 class=\"wp-block-heading has-text-align-center has-secondary-color has-text-color has-superbfont-small-font-size\">Mels Niessen \u2022 mels@burgerbalie.net<\/h2>\n\n\n\n<h2 class=\"wp-block-heading has-text-align-center has-secondary-color has-text-color has-superbfont-small-font-size\">Heiligenbergerweg 34 \u2022 3816 AK \u2022 Amersfoort<\/h2>\n<\/div>\n<\/div>\n<\/div>\n<\/div>\n","protected":false},"excerpt":{"rendered":"<p>Bewoners die hun buren goed kennen voelen zich veiliger en gelukkiger. Dat is logisch als je bedenkt hoeveel tijd buren in elkaars nabijheid doorbrengen. Die nabijheid is soms heel intiem: geuren en geluiden kunnen dwars door muren gaan, van zingen tot ruzies of zorgelijke stiltes. In het algemeen helpen buren elkaar ook graag. Volgens onderzoek [&hellip;]<\/p>\n","protected":false},"author":1,"featured_media":0,"parent":0,"menu_order":0,"comment_status":"closed","ping_status":"closed","template":"blank","meta":{"footnotes":""},"class_list":["post-368","page","type-page","status-publish","hentry"],"_links":{"self":[{"href":"https:\/\/burgerbalie.net\/index.php\/wp-json\/wp\/v2\/pages\/368","targetHints":{"allow":["GET"]}}],"collection":[{"href":"https:\/\/burgerbalie.net\/index.php\/wp-json\/wp\/v2\/pages"}],"about":[{"href":"https:\/\/burgerbalie.net\/index.php\/wp-json\/wp\/v2\/types\/page"}],"author":[{"embeddable":true,"href":"https:\/\/burgerbalie.net\/index.php\/wp-json\/wp\/v2\/users\/1"}],"replies":[{"embeddable":true,"href":"https:\/\/burgerbalie.net\/index.php\/wp-json\/wp\/v2\/comments?post=368"}],"version-history":[{"count":58,"href":"https:\/\/burgerbalie.net\/index.php\/wp-json\/wp\/v2\/pages\/368\/revisions"}],"predecessor-version":[{"id":1341,"href":"https:\/\/burgerbalie.net\/index.php\/wp-json\/wp\/v2\/pages\/368\/revisions\/1341"}],"wp:attachment":[{"href":"https:\/\/burgerbalie.net\/index.php\/wp-json\/wp\/v2\/media?parent=368"}],"curies":[{"name":"wp","href":"https:\/\/api.w.org\/{rel}","templated":true}]}}